igit of -3*(1/(-1) - u)?
3
What is the units digit of ((-28)/(-21))/((-2)/(-42))?
8
What is the tens digit of 1*((-62)/5)/((-2)/5)?
3
Let h = 9 + 9. Suppose -2*w = 13 - 3, h = -u - 5*w. What is the units digit of u?
7
Suppose 5*h + 20 = r, 7*r - 2*r - 3*h = 34. Let c(k) = -2*k - 4. Let w be c(-4). Suppose r*v - 5 = w*v. What is the units digit of v?
5
Suppose -g - 4 = -2*o, 0 = -5*o - 3*g - 0*g + 32. Suppose -2*i + 0*i = o. Let s = 1 - i. What is the units digit of s?
3
Suppose 1 = -3*x - 5, 5*x = -5*j + 350. What is the units digit of j?
2
Suppose -2*o - 175 = -5*w, 4*o - o + 133 = 4*w. What is the units digit of w?
7
Let u = -5 - -10. Suppose -8 = 3*m + m + 4*h, 20 = -u*h. What is the units digit of m?
2
Let d = -2 - -6. Let g(w) = -w**2 + 5*w - 1. Let s be g(d). Suppose -5*p = 4*o - 2 + 8, s*p + 7 = o. What is the units digit of o?
1
Let o(t) = -t**2 - t + 2. Let j = 3 + -3. What is the units digit of o(j)?
2
Suppose -4*t + 15 = -9*t. Let l be 30/4*4/6. Let d = t + l. What is the units digit of d?
2
Suppose 5*o - 2039 = 2*v, -2*o - 2*o + 5*v = -1638. What is the units digit of o?
7
Let g = -10 + 11. Suppose 0 = 5*y - 104 - g. What is the tens digit of y?
2
Suppose -12 = -d - 3*r - 2*r, 5*r = -2*d + 39. What is the tens digit of d?
2
Suppose 5*p - 3*p - 6 = 0. Let w(g) = 0*g**2 + 3*g**2 - 6*g**2 + 0*g**2 - 1 - g - 3*g**p. What is the units digit of w(-2)?
3
Let o(y) = 16*y**3 - y**2 - y + 1. Let m be o(1). What is the units digit of (-10)/m - (-59)/3?
9
Suppose 5*o + 29 = 2*m - 0*o, o = 5*m - 15. Suppose -3*j - 3*t = -12, m*j = 4*t + 6 + 2. Suppose -j*k + k = 4*u - 57, u - 3 = 0. What is the tens digit of k?
1
Let s(d) = -2*d - 8. Let p(w) = -2*w - 7. Let u be 0 - 0 - 7 - 0. Let b(t) = u*p(t) + 6*s(t). What is the units digit of b(1)?
3
Let q be (-37)/(-7) - 4/14. Let s(p) = 13*p - 4. Let h be s(4). Suppose -q*o - 2*g + h = 0, -2*o + 6*g + 4 = 3*g. What is the units digit of o?
8
Suppose 0 = -6*l + 5*l + 59. What is the tens digit of l?
5
Let w(t) = -2*t**2 + 10*t + 8. Let r be w(8). What is the units digit of ((-21)/12)/(2/r)?
5
Let x = 10 + -30. What is the units digit of (-55)/x*2*4?
2
Suppose 0*o + 2*o + 5*j = 5, 4*j = 3*o - 42. Let s(z) = -z**2 + 10*z + 10. What is the tens digit of s(o)?
1
Suppose 0 = -s + t, 0*t + 16 = 5*s - t. Let k be s/(-6) + (-202)/(-6). What is the tens digit of (-1)/((3/k)/(-1))?
1
Let g(z) = 6*z**3 - z**2 - 4*z + 1. What is the tens digit of g(3)?
4
Let n be 9 + (5 - 2)/(-1). Suppose n*d - 2*d = 76. What is the tens digit of d?
1
Suppose -5*v - 4 = -9, -b = -2*v - 7. Suppose 2*w + w = b. What is the units digit of w?
3
Suppose 4*y + 9 = 349. What is the units digit of y?
5
Let x(g) = g**2 + 6*g - 12. What is the tens digit of x(6)?
6
Suppose 2*o + f + 11 = 0, 5*f - 1 = -5*o - 36. Let m(p) be the third derivative of p**5/60 + p**4/6 + 2*p**3/3 + p**2. What is the units digit of m(o)?
4
Suppose -f = -3*h + f - 14, -4*f = h. Let x = h + 7. Suppose -5*t - 21 = -3*u, 2*u - t + 2 = -x*t. What is the units digit of u?
2
Let s(p) be the second derivative of -p**2 - 1/6*p**3 + 0 + p. What is the units digit of s(-7)?
5
Suppose 3*c - 2*c = z - 12, 4*c - 5*z + 44 = 0. What is the units digit of ((-36)/c)/(6/16)?
6
Suppose -2*q + 2*s = -3*s + 11, 0 = 3*q + 3*s - 36. Let l = 8 - q. What is the units digit of l?
1
Let l = -16 - -22. Suppose l + 2 = 4*z. What is the units digit of z?
2
Suppose 3 = -5*q + 13. What is the tens digit of 23 - (6/(-3))/q?
2
Let j(w) = -9*w - 13. Let m be j(6). Let p = -39 - m. What is the units digit of p?
8
Let p = 87 - 29. What is the units digit of p?
8
Suppose 3*z - 4*w + 27 = -0*z, -z - 3*w = -4. What is the units digit of (-6)/2 + (0 - z)?
2
Let u = -4 + 48. What is the units digit of u?
4
Let j(x) = 2*x**2 + 4 - 3*x + 3 - 8. What is the units digit of j(3)?
8
Suppose -t = -3*t + 4. Suppose -t = -2*u - 0. Suppose u = 2*m - 3*b - 13, -2*b = 0. What is the units digit of m?
7
Let x(y) = 2*y**2 - 6. What is the units digit of x(5)?
4
Let r = 0 + 2. Suppose -39 = -2*p - 5*l, -r*p + 11 = -4*p + 5*l. Let k = -4 + p. What is the units digit of k?
3
What is the tens digit of (-115 + 34)/(1 - (-5)/(-2))?
5
Suppose 26 = 3*q + z, 4*q + 0*q - 33 = -z. Suppose -4*y - 35 = -q. What is the units digit of 120/21 - 2/y?
6
Let w be (-6)/(-15) + 83/5. Let s = -12 + w. What is the units digit of s?
5
Let o(p) be the first derivative of -p**2/2 + 10*p + 1. What is the units digit of o(5)?
5
Suppose 0 = 2*d + 2*s - 4*s - 2, 0 = 2*s + 2. Suppose 0*n = 3*n - 12. Suppose 2*b = -4*g + n, b + d*b - 4 = -4*g. What is the units digit of g?
1
Let i(u) = 2*u**2 - 14*u + 2. Let t(o) = o**2 - 7*o + 1. Let q(c) = 4*i(c) - 9*t(c). Let j be q(5). Suppose p - j = 1. What is the units digit of p?
0
Suppose 5*i + z = 238, 0 = -0*i + 4*i - 3*z - 198. What is the tens digit of i?
4
Let l = -5 + 10. Suppose 4*o - l*o + 21 = 0. What is the tens digit of o?
2
Let h(d) = 32*d**3 - d**2 + 2*d - 1. What is the tens digit of h(1)?
3
Let r(w) = -3*w + 8. Suppose 17 + 11 = -4*l - 2*h, 4*l = -5*h - 28. What is the tens digit of r(l)?
2
Suppose -i - 5 = 2*o, -15 = -3*o - o + 3*i. Suppose -3*q = 7*h - 2*h - 86, h - 3*q - 28 = o. What is the units digit of h?
9
Suppose -3*g = 2*g - 20. Let j = g - -15. What is the tens digit of j?
1
Suppose 2*n = 2*r + 4 + 2, 0 = -2*n - 5*r + 13. What is the units digit of 1*(1 - 3) + n?
2
Let r = 105 + -41. What is the tens digit of r?
6
Suppose -3 = 2*t - 3*t. Suppose t*z = 38 - 14. What is the units digit of z?
8
Let h(o) = -5 - 6*o - 1 + 0*o - o**3 - o - 6*o**2. Let w(q) = q - 9. Let k be w(4). What is the units digit of h(k)?
4
Let w(m) = 3*m**2 + m + 1. Let u be w(-1). Suppose u*l - 24 = -3*n, 0*n + 4*l - 2 = 2*n. What is the units digit of (3 + n)/((-2)/(-5))?
0
Let h = -3 + 1. Let p = h - -6. What is the units digit of p?
4
What is the units digit of (-231)/(-4) - 5/(-20)?
8
Suppose 2*h + h + 72 = 0. What is the units digit of (13/(-4))/(6/h)?
3
Suppose 4*l = f - 161, -f = 2*l + 3*l - 161. What is the hundreds digit of f?
1
Let y = -20 - -13. Let d = 15 + y. What is the units digit of d?
8
Suppose 5 = -l, -4*t - 2*l + 18 + 24 = 0. Let h(p) = 3*p - 7. What is the tens digit of h(t)?
3
Suppose 0 = 3*v - 4*i + 6*i + 15, 0 = -2*i. Let a = -5 - v. Suppose a = 3*b + y - 1, b = 5*y + 11. What is the units digit of b?
1
Let t = -6 + 9. Let d = t + 2. What is the units digit of d?
5
Let f = -14 - -25. Suppose 2*z - f = 3*z. Let i = 16 + z. What is the units digit of i?
5
Suppose 0 = 3*n - 3*x - 54, -90 = -4*n + 2*x - 7*x. What is the units digit of n?
0
Suppose 10 = -4*g - 18. Let m(t) = t**3 + 9*t**2 + 10*t - 2. What is the tens digit of m(g)?
2
Let s(i) be the third derivative of 0*i + 0 + 2*i**2 + 5/3*i**3 - 1/24*i**4. What is the units digit of s(-8)?
8
Let c(d) = -d**2 - 3*d - 2. Let b be c(-2). Suppose 5*t - 117 - 23 = b. Suppose 4*s + 2*g - 25 = 15, 0 = -4*s + 4*g + t. What is the units digit of s?
9
Let i = -19 - -17. What is the units digit of i + (-2)/((-8)/60)?
3
Let d(w) = -6*w + 92. What is the tens digit of d(-23)?
3
Let q be (-12)/18*(1 - 4). Suppose -16 = -2*x - q*x. What is the units digit of x?
4
Let f be 1/(-3) + 5/15. Let d(u) = u**3 - u**2 + 50. What is the units digit of d(f)?
0
What is the units digit of ((-20)/(-8) - 2)*118?
9
Let d = -63 + 104. What is the units digit of d?
1
Let b(y) = y**3 - 7*y**2 + 7*y - 2. Let a(n) = -n. Let v be a(-6). Let i be b(v). What is the units digit of 2 + (i - 3 - 2)?
1
Suppose 1464 + 150 = 6*z. What is the tens digit of z?
6
Let f(h) = -h**3 - 11*h**2 + 14. What is the tens digit of f(-11)?
1
Let m(p) = -20*p - 23. Let a(w) = -7*w - 8. Let o(t) = 17*a(t) - 6*m(t). What is the units digit of o(5)?
7
Let k = 99 - 143. Let q = k + 74. Suppose -4*l = -42 - q. What is the units digit of l?
8
Suppose 5*i - 155 = -0*i. Suppose -5*l + 14 = -i. Suppose 4*t = 7 + l. What is the units digit of t?
4
Let u(v) = v**3 - 8*v**2 - 8*v - 13. Let o be u(9). Let r = o - -7. Suppose 2*b + 11 = r*q, 3*b + 1 + 2 = 0. What is the units digit of q?
3
Let t be (-2)/(-6) - 4/(-6). Let z be 1/(-2)*(-4)/t. What is the units digit of (-9)/(-6)*z + 1?
4
Let s = 45 - -44. What is the tens digit of s?
8
Let b = 4 + -1. Let y be b - (7 - -1)*-1. Suppose -99 = -4*o - y. What is the te